m(-741).
13
Let k(d) = 37363*d + 149466. Determine k(-4).
14
Let x(t) = t**3 - 2*t**2 + 374*t - 3172. Calculate x(9).
761
Let v(m) = 258*m + 30166. What is v(-117)?
-20
Let k(c) = -21*c**2 + 4862*c - 2412. Give k(231).
129
Let h(c) = -2210*c + 17117. Calculate h(8).
-563
Let o(s) = -s**3 - 4412*s**2 + 418963*s + 187. Calculate o(93).
1
Let c(r) = -76*r**2 + 864*r - 1703. What is c(9)?
-83
Let x(k) = -430*k + 43071. Give x(100).
71
Let s(w) = -29*w**2 + 2963*w + 2373. Calculate s(103).
-99
Let z(c) = 2*c**2 + 100*c - 542. Determine z(5).
8
Let c(i) = -316*i**2 - 1127*i - 807. Calculate c(-1).
4
Let k(h) = 4*h**2 - 4337*h - 70451. What is k(-16)?
-35
Let m(o) = -12680*o - 26252. What is m(-2)?
-892
Let v(r) = 292048*r - 9637580. What is v(33)?
4
Let b(w) = w**3 + 90*w**2 + 1350*w + 123. What is b(-71)?
52
Let j(g) = -g**2 - 139*g - 5176. Determine j(-64).
-376
Let z(i) = 2*i**3 - i**2 - 160*i - 10. Calculate z(-8).
182
Let r(a) = 2*a**3 + 117*a**2 + 63*a + 1697. Determine r(-58).
1407
Let o(l) = 2*l**3 + 144*l**2 + 2627*l + 1291. Determine o(-35).
-4
Let r(y) = -y**3 + 17*y**2 + 410*y - 7923. Give r(17).
-953
Let c(f) = -f**3 + 16*f**2 - 30*f + 282. What is c(15)?
57
Let y(p) = 8*p**2 - 49*p - 922. Determine y(-8).
-18
Let f(b) = -759*b + 12036. Determine f(15).
651
Let f(g) = 1236*g + 63744. What is f(-50)?
1944
Let q(x) = -7*x**2 - 7543*x + 557446. Determine q(-1147).
4
Let x(u) = -u**3 + 341*u**2 - 408*u - 91529. Give x(339).
1
Let x(o) = 5*o**3 + 10904*o**2 - 155843*o + 4388. What is x(-2195)?
-2
Let a(b) = -533*b + 33969. What is a(64)?
-143
Let t(r) = -52*r**3 - 205*r**2 + 19*r + 32. Give t(-4).
4
Let c(q) = 7*q**2 + 6934*q - 98477. Calculate c(14).
-29
Let u(s) = 914*s - 47643. Determine u(52).
-115
Let f(r) = 4049*r + 105353. Calculate f(-26).
79
Let p(l) = 1831*l - 150146. Determine p(82).
-4
Let h(u) = 6*u**3 - 865*u**2 - 720*u - 718. Give h(145).
7
Let i(b) = 4*b**2 + 376189*b - 1881027. Determine i(5).
18
Let d(c) = 5*c**3 + 2417*c**2 - 3886*c - 2906. Give d(-485).
4
Let v(h) = -2*h**3 - 84*h**2 + 283*h + 15244. Give v(-41).
279
Let a(h) = 171*h**2 - 3103*h - 3109. Give a(-1).
165
Let w(m) = -9*m**2 + 778*m - 345. Give w(86).
-1
Let q(r) = r**3 - 67*r**2 + 76*r - 14759. Determine q(69).
7
Let d(h) = h**2 + 137176*h - 960291. What is d(7)?
-10
Let k(a) = 46104*a + 276620. Calculate k(-6).
-4
Let r(q) = -4758*q - 983. Determine r(0).
-983
Let b(s) = s**3 + 1400*s**2 + 11081*s - 431. Determine b(-8).
9
Let l(g) = -16559*g + 147818. What is l(9)?
-1213
Let q(k) = 517*k + 34591. What is q(-67)?
-48
Let k(m) = -m**2 - 133*m + 1831. Give k(12).
91
Let g(l) = -2066*l + 31095. What is g(15)?
105
Let y(f) = 2531*f + 23269. What is y(-9)?
490
Let t(s) = -2605894*s - 10. Determine t(0).
-10
Let q(a) = -338*a - 251717. What is q(-745)?
93
Let d(z) = -180*z - 22944. Calculate d(-131).
636
Let f(o) = -o**2 - 14217*o + 5457041. What is f(374)?
7
Let n(g) = -2*g**3 + 88*g**2 - 86*g - 6564. Calculate n(41).
-4
Let c(k) = -652*k**3 + 645*k**2 + 37*k - 17. Calculate c(1).
13
Let x(u) = 173*u - 14226. Give x(82).
-40
Let o(h) = -2*h**3 - 233*h**2 - 94*h + 350. Give o(-116).
-2202
Let g(l) = -2*l**2 - 178553*l + 20023016. Determine g(112).
-8
Let y(r) = -22*r**3 - 105*r**2 - 370*r - 1859. Give y(-5).
116
Let r(o) = -2387*o**2 + 76367*o + 525. Give r(32).
-19
Let a(l) = -752*l - 3551. Calculate a(-6).
961
Let s(r) = 2695*r + 191. Give s(0).
191
Let c(d) = -81*d - 738. Give c(10).
-1548
Let w(j) = 3*j**2 + 197*j - 2603. Determine w(11).
-73
Let b(l) = l**2 + 1468*l + 146879. Calculate b(-108).
-1
Let h(r) = -2612*r + 605985. Determine h(232).
1
Let s(q) = -10*q**3 - 71*q**2 + 61*q + 97. Give s(-8).
185
Let v(j) = -2*j**3 - 103*j**2 - 18*j - 3576. Determine v(-52).
64
Let o(h) = -5759*h + 69114. Determine o(12).
6
Let s(b) = -b**3 + 18*b**2 - 244*b + 1235. Determine s(7).
66
Let h(b) = b**3 - 253*b**2 + 5873*b + 756. What is h(26)?
2
Let g(k) = 3133*k - 50037. Calculate g(16).
91
Let z(q) = -q**3 - 93*q**2 - 237*q - 32074. Give z(-94).
-960
Let o(h) = 37*h**2 + 3575*h - 35172. What is o(9)?
0
Let t(w) = -375*w + 8616. Determine t(21).
741
Let p(j) = j**2 + 195*j - 249764. What is p(412)?
320
Let s(r) = 5*r**3 - 105*r**2 + 424*r - 15. Calculate s(4).
321
Let j(a) = -a**3 - 41*a**2 - 4720*a - 227705. Give j(-46).
-5
Let u(k) = -12*k**2 - 405*k - 81. What is u(-31)?
942
Let z(v) = 23242*v + 185941. Determine z(-8).
5
Let h(v) = 75*v + 4879. Give h(-70).
-371
Let x(l) = 49*l**3 + 3*l**2 - 283*l + 565. Calculate x(2).
403
Let x(a) = -a**3 - 27*a**2 + 49*a - 87. Determine x(-27).
-1410
Let u(w) = 639*w**2 + 36995*w - 3883. Give u(-58).
3
Let m(l) = -1645837*l + 41145931. Give m(25).
6
Let m(j) = -107*j**3 - 7*j**2 + 11*j - 13. Calculate m(2).
-875
Let w(r) = r**3 - 38*r**2 - 107*r - 2524. Determine w(42).
38
Let t(j) = -33*j**3 - 16136*j**2 + 32272*j + 9. Determine t(2).
-255
Let n(y) = 4*y**3 + 1204*y**2 - 1202*y + 1790. Determine n(-302).
-22
Let t(o) = 3*o**2 - 105*o + 469. Give t(5).
19
Let w(p) = 5*p**3 + 120*p**2 + 23*p + 33. What is w(-8)?
4969
Let x(m) = 2*m**3 + 24*m**2 - 309*m + 726. Calculate x(4).
2
Let p(r) = 206*r + 11387. Give p(-63).
-1591
Let v(y) = -26*y**3 - 2861*y**2 - 31*y + 8721. Calculate v(-110).
31
Let x(k) = k**2 - 365*k - 11063. Determine x(-28).
-59
Let p(i) = i**3 - 5*i**2 + 12820*i - 89837. Determine p(7).
1
Let k(g) = -74621*g + 1268542. What is k(17)?
-15
Let x(a) = a**3 + 1278*a**2 - 8978*a - 79. Determine x(7).
40
Let o(a) = 24258*a - 145533. Calculate o(6).
15
Let y(n) = 11*n**2 - 2222*n + 71271. Give y(40).
-9
Let q(l) = -12115*l - 97019. Calculate q(-8).
-99
Let v(s) = 6*s**2 - 1031*s - 14634. Give v(185).
-19
Let o(r) = -4747*r + 284998. What is o(60)?
178
Let g(n) = -6*n**3 + 2*n**2 - 115*n + 948. What is g(7)?
-1817
Let c(a) = -a**2 - 58*a + 4877. What is c(48)?
-211
Let l(a) = 19*a**3 + 10*a**2 - 36447*a - 36456. Determine l(-1).
-18
Let x(z) = -1856887*z + 9284442. Calculate x(5).
7
Let h(n) = -2*n**2 + 339*n - 22. Give h(8).
2562
Let a(g) = 19*g**2 + 165*g + 31. Give a(-6).
-275
Let h(q) = -6*q**2 + 260*q - 2000. Determine h(10).
0
Let d(h) = -39*h**3 + 30656*h**2 - 1614*h + 33020. Calculate d(786).
8
Let c(x) = x**3 + 286*x**2 - 177*x - 50187. Determine c(-286).
435
Let x(f) = 2*f**3 + 676*f**2 - 4799*f + 10692. What is x(-345)?
-3
Let u(m) = -m**3 - 97*m**2 + 189*m + 28743. Calculate u(-96).
1383
Let r(i) = 783*i + 32209. Calculate r(-41).
106
Let l(x) = x**3 + 44*x**2 - 220*x - 11283. What is l(-43)?
26
Let o(b) = 2*b**3 + 591*b**2 - 11289*b + 55. Calculate o(18).
1
Let c(b) = b**3 - 157*b**2 + 199*b - 6240. Determine c(156).
468
Let l(p) = -p**3 - 275*p**2 + 513*p - 8955. Determine l(-277).
2402
Let j(s) = -633*s + 22242. Calculate j(35).
87
Let j(k) = -48*k**2 + 12662*k + 50632. Give j(-4).
-784
Let o(u) = -2*u**3 - 173*u**2 - 1186*u - 44. Calculate o(-79).
35
Let q(t) = 38*t**2 + 228*t - 113. What is q(-12)?
2623
Let c(z) = -1900*z + 19010. Give c(10).
10
Let v(h) = -3048*h - 5118. Determine v(-2).
978
Let h(d) = 70*d**2 - 136*d + 340. What is h(3)?
562
Let t(z) = -3*z**2 - 767*z + 6583. What is t(-264)?
-17
Let b(x) = 973*x**2 - 2621*x - 871. Calculate b(3).
23
Let u(k) = -2985*k - 382046. Calculate u(-128).
34
Let k(f) = -32*f + 3180. Give k(94).
172
Let r(z) = 496*z - 20461. Calculate r(40).
-621
Let c(t) = -t**3 + 32*t**2 + 357*t + 772. What is c(41)?
280
Let i(v) = 4987*v**2 + 9964*v + 4. Determine i(-2).
24
Let k(d) = 5*d**2 + 405*d - 2583. What is k(-87)?
27
Let z(a) = 8*a**2 - 40*a + 249. Give z(6).
297
Let r(f) = 218819*f + 4814016. Calculate r(-22).
-2
Let i(k) = -k**2 - 19540*k + 253818. Determine i(13).
-371
Let u(p) = -4331*p + 4289. What is u(1)?
-42
Let v(u) = u**3 - 127*u**2 + 3812*u + 11615. Calculate v(71).
-29
Let n(j) = j**3 + 484*j**2 - 6488*j + 343. Give n(13).
-8
Let n(i) = -128*i**2 - 1197*i + 2361. Determine n(-11).
40
Let h(o) = o**3 - 301*o**2 - 5311*o + 1617. Determine h(-17).
2
Let d(n) = -2*n**3 - 244*n**2 - 2753*n - 1366. Determine d(-12).
-10
Let m(t) = 7*t**3 + 583*t**2 + 175*t + 223. Calculate m(-83).
-524
Let m(l) = 3*l**2 + 140*l - 1154. Determine m(-54).
34
Let w(p) = -706*p + 9874. Give w(11).
2108
Let a(v) = 7*v**3 + 207*v**2 + 306*v - 73. Give a(-28).
-17
Let h(w) = w**3 